er when 3313148 is divided by 206?
50
What is the remainder when 7768227 is divided by 1382?
5
Calculate the remainder when 724406 is divided by 241378.
272
Calculate the remainder when 41998029 is divided by 2136.
2133
What is the remainder when 26458482 is divided by 5329?
5326
What is the remainder when 818013 is divided by 203652?
3405
Calculate the remainder when 16479418 is divided by 1856.
1850
What is the remainder when 112109 is divided by 2155?
49
Calculate the remainder when 29232239 is divided by 1406.
93
Calculate the remainder when 392198053 is divided by 49024755.
13
What is the remainder when 2541319 is divided by 3164?
627
Calculate the remainder when 744031 is divided by 9185.
46
Calculate the remainder when 1785140 is divided by 7864.
12
Calculate the remainder when 1391964 is divided by 1201.
5
Calculate the remainder when 24394651 is divided by 12197316.
19
What is the remainder when 34309434 is divided by 1682?
1680
What is the remainder when 25080795 is divided by 8360264?
3
Calculate the remainder when 48025 is divided by 14.
5
Calculate the remainder when 9986510 is divided by 2788.
2682
Calculate the remainder when 8439200 is divided by 136.
128
Calculate the remainder when 2308725 is divided by 84.
69
Calculate the remainder when 24849 is divided by 59.
10
Calculate the remainder when 28050 is divided by 6651.
1446
What is the remainder when 294729 is divided by 19643?
84
What is the remainder when 6097316 is divided by 508103?
80
Calculate the remainder when 2136635 is divided by 981.
17
Calculate the remainder when 70835 is divided by 10.
5
What is the remainder when 9111435 is divided by 535966?
13
What is the remainder when 158312 is divided by 5106?
26
Calculate the remainder when 1855588 is divided by 345.
178
Calculate the remainder when 183453572 is divided by 194.
188
Calculate the remainder when 493450 is divided by 9330.
8290
Calculate the remainder when 18167080 is divided by 15.
10
Calculate the remainder when 83444169 is divided by 20861042.
1
What is the remainder when 627374 is divided by 4074?
4052
What is the remainder when 2545598 is divided by 56?
6
Calculate the remainder when 26121388 is divided by 121.
29
What is the remainder when 874061 is divided by 34?
23
What is the remainder when 8641257 is divided by 8872?
8801
What is the remainder when 1638 is divided by 1481?
157
What is the remainder when 2810769 is divided by 1319?
1299
What is the remainder when 205824 is divided by 19?
16
Calculate the remainder when 26574 is divided by 3866.
3378
Calculate the remainder when 1361908 is divided by 7138.
5688
Calculate the remainder when 6124903 is divided by 61249.
3
Calculate the remainder when 9229 is divided by 4163.
903
Calculate the remainder when 23239 is divided by 852.
235
What is the remainder when 1112305 is divided by 2982?
19
Calculate the remainder when 82667 is divided by 38.
17
Calculate the remainder when 363528 is divided by 12535.
13
Calculate the remainder when 4816953 is divided by 3488.
25
What is the remainder when 3945035 is divided by 3945023?
12
What is the remainder when 551118752 is divided by 71?
67
What is the remainder when 22800 is divided by 6540?
3180
Calculate the remainder when 50309240 is divided by 12577307.
12
What is the remainder when 2166839 is divided by 162?
89
Calculate the remainder when 613684 is divided by 2895.
2839
What is the remainder when 9570896 is divided by 3190265?
101
What is the remainder when 263414604 is divided by 12444?
12
What is the remainder when 75187 is divided by 1926?
73
What is the remainder when 3185545 is divided by 61?
3
Calculate the remainder when 1221312 is divided by 17.
15
What is the remainder when 2665346 is divided by 191?
132
Calculate the remainder when 1101345 is divided by 137667.
9
What is the remainder when 365684 is divided by 665?
599
What is the remainder when 2127762 is divided by 10132?
42
Calculate the remainder when 110503 is divided by 729.
424
Calculate the remainder when 3313 is divided by 1114.
1085
Calculate the remainder when 16094072 is divided by 8046971.
130
What is the remainder when 48699 is divided by 120?
99
Calculate the remainder when 295099 is divided by 2756.
207
What is the remainder when 43529 is divided by 10838?
177
What is the remainder when 202250 is divided by 383?
26
What is the remainder when 1650476 is divided by 276?
272
What is the remainder when 11418 is divided by 2499?
1422
What is the remainder when 98610051 is divided by 98610048?
3
What is the remainder when 761040 is divided by 510?
120
Calculate the remainder when 62792833 is divided by 2054.
2053
What is the remainder when 6051 is divided by 186?
99
What is the remainder when 970568 is divided by 5991?
26
What is the remainder when 4164079 is divided by 2510?
2499
What is the remainder when 6436746 is divided by 2333?
2332
Calculate the remainder when 11368955 is divided by 2273787.
20
Calculate the remainder when 2058317 is divided by 4.
1
What is the remainder when 123498178 is divided by 2670?
2668
Calculate the remainder when 43123406 is divided by 439.
436
Calculate the remainder when 319092156 is divided by 327.
324
Calculate the remainder when 38201713 is divided by 553648.
1
What is the remainder when 119566 is divided by 2410?
1476
What is the remainder when 162767 is divided by 1798?
947
Calculate the remainder when 56013420 is divided by 382.
378
Calculate the remainder when 79019660 is divided by 159.
158
What is the remainder when 3239424 is divided by 7104?
0
What is the remainder when 202818 is divided by 67561?
135
What is the remainder when 5056990 is divided by 2528493?
4
Calculate the remainder when 547899 is divided by 109233.
1734
Calculate the remainder when 4896935 is divided by 410.
305
Calculate the remainder when 125557960 is divided by 112.
24
What is the remainder when 436017 is divided by 2813?
2
What is the remainder when 27037981 is divided by 3379746?
13
Calculate the remainder when 121704728 is divided by 14.
12
What is the remainder when 889959 is divided by 98770?
1029
Calculate the remainder when 469713 is divided by 79.
58
What is the remainder when 37228 is divided by 2179?
185
What is the remainder when 100965 is divided by 98306?
2659
Calculate the remainder when 2343458 is divided by 2342975.
483
What is the remainder when 285031 is divided by 201?
13
Calculate the remainder when 856354 is divided by 5597.
13
What is the remainder when 1261106 is divided by 1336?
1258
What is the remainder when 3885032 is divided by 32647?
39
What is the remainder when 413053 is divided by 206485?
83
What is the remainder when 2560923 is divided by 853318?
969
What is the remainder when 1878678 is divided by 62622?
18
Calculate the remainder when 23654 is divided by 5588.
1302
Calculate the remainder when 1263317 is divided by 312.
29
What is the remainder when 150477 is divided by 9401?
61
What is the remainder when 1772928 is divided by 84?
24
What is the remainder when 7968353 is divided by 32927?
19
Calculate the remainder when 18491089 is divided by 343.
302
What is the remainder when 48130 is divided by 101?
54
What is the remainder when 1673837 is divided by 41?
12
Calculate the remainder when 595415525 is divided by 163.
160
Calculate the remainder when 373185 is divided by 74637.
0
What is the remainder when 164352434 is divided by 164?
162
Calculate the remainder when 1730132 is divided by 2338.
12
What is the remainder when 92449 is divided by 934?
917
What is the remainder when 1352721 is divided by 773?
744
What is the remainder when 242489 is divided by 20105?
1229
Calculate the remainder when 574958 is divided by 14.
6
Calculate the remainder when 579662 is divided by 7.
6
What is the remainder when 102906 is divided by 20487?
471
Calculate the remainder when 26780083 is divided by 279.
268
What is the remainder when 3536286 is divided by 707241?
81
What is the remainder when 9118030 is divided by 41?
40
What is the remainder when 366033 is divided by 2316?
105
What is the remainder when 63933946 is divided by 89?
84
Calculate the remainder when 44327 is divided by 42810.
1517
What is the remainder when 1413269 is divided by 416?
117
Calculate the remainder when 11922077 is 